Suppose 0 = -3*p - p + f. What is the units digit of p?
9
Suppose 5*i - 1100 = s, 2*i - 262 = 3*s + 165. What is the units digit of i?
1
Let m(b) = 2*b**2 - 3*b - 3. What is the units digit of m(5)?
2
Let v = 221 - 151. What is the tens digit of v?
7
Let c = 7 + 33. Suppose y + y = -4*x + c, -2*y = x - 28. What is the units digit of y?
2
Let s(h) = h**3 - 7*h**2 + h - 13. What is the tens digit of s(8)?
5
Let d be (3/4)/((-2)/(-16)). Let t = -2 + d. Suppose 0 = q + 1 - t. What is the units digit of q?
3
Suppose 0 = -0*t + 3*t + 12, -2*h + 48 = t. What is the tens digit of h?
2
Let f = 7 + -6. Suppose m = 2*o - 5, 0 = -2*m + o - 4 - 6. Let r = f - m. What is the units digit of r?
6
Let h be 1/(-2)*74*-1. Suppose 2*l + h = 3*i + 116, 0 = -3*l - 5*i + 166. What is the tens digit of l?
4
What is the tens digit of (-84)/(4 - 1)*(-3)/2?
4
Let w = -17 + 28. What is the units digit of (-2)/4*(w - 27)?
8
Suppose -2 = 2*d - 6. Suppose d*u = -0*u. Suppose u = -3*w - 2*m + 1 + 5, -w - 5*m = -2. What is the units digit of w?
2
Suppose -a = 13 + 2. What is the tens digit of (-198)/a - 1/5?
1
Let z = 13 + -1. What is the tens digit of z?
1
Suppose -n = 4*n + c - 845, 3*n = 3*c + 507. What is the hundreds digit of n?
1
Suppose 0 = 5*x + 5*y - 20, -17 = -4*x - 3*y - 2. Suppose x*c + c - 8 = 0. Suppose -c*i + 3*i = 1. What is the units digit of i?
1
Let q(g) be the first derivative of g**3/3 + g**2/2 - 4*g + 1. What is the units digit of q(-3)?
2
Let b be (-2)/(-9) - (-125)/45. Suppose -p + 43 = 3*p + h, -34 = -b*p + h. What is the tens digit of p?
1
Suppose 2*j - j - 6 = -v, 0 = -3*v + 6. Suppose 0 = 5*b + j*i - 45, -6*i = -b - 3*i + 28. What is the tens digit of b?
1
Let k be 1*-8 - 6/(-3). Let w = -6 - k. Suppose 36 = -w*a + 4*a. What is the units digit of a?
9
Let h(d) = d. Let s be h(0). Suppose s = -3*c + 5*c. Suppose -3*k + 5*z + 25 = c, 4*z = -3*k - 0*z + 34. What is the tens digit of k?
1
What is the units digit of ((-8)/(-10))/((-6)/(-105))?
4
Let g = 11 - -3. What is the units digit of 86/g + 6/(-42)?
6
Let f = 208 - 102. What is the units digit of 3/(-12) + f/8?
3
Let m = 44 + 45. Let y = m - 50. What is the units digit of y?
9
Suppose -5*y = 2*w - 7, 3*w = -14 + 2. Suppose d = -0 + y. What is the units digit of d?
3
Let y = -110 - -173. What is the units digit of y?
3
Let c = 53 - 27. What is the units digit of c?
6
Suppose -4*o + 3*y = -2*y - 684, -o + 171 = -3*y. What is the units digit of o?
1
Let t be (4/(-2))/2 + -3. Let x(w) be the second derivative of w**5/20 + 5*w**4/12 + w**3/6 - 2*w**2 + w. What is the units digit of x(t)?
8
Let h = 105 + -36. What is the units digit of h?
9
Let f(h) = -h - 11. Let g be f(-10). Let u be (0 - -2)*g + 4. Let k(p) = -p**3 + 4*p**2 + 2*p - 1. What is the tens digit of k(u)?
1
Let p = 15 - 10. Suppose 0 = b + 3, 2*k + 60 = p*k + b. What is the units digit of k?
1
Let o be (1/2)/1*-10. Suppose k - 3*k + 4 = 0. Let i = k - o. What is the units digit of i?
7
Let k = -21 - -24. What is the units digit of k?
3
Let l be (-9)/(-7) + 6/(-21). Suppose 0 = -4*m - 0*a + 2*a + 40, -m - 5*a = l. What is the units digit of m?
9
Let u(w) = w - 28. Let l be u(0). Let z be ((-9)/(-1))/(-3) + l. Let n = z + 43. What is the tens digit of n?
1
Let v = -4 + 5. What is the units digit of v?
1
Let z = 9 + -5. Suppose 0 = -4*a, -31 = -z*s + a + 37. What is the units digit of s?
7
Suppose -5*a + 9 - 34 = 0. Let c(r) = r**3 + 7*r**2 + 6*r - 6. What is the tens digit of c(a)?
1
Suppose 0 = u + 4*u - 20. Suppose u*y - p - 17 = 0, -2*y - p - p + 16 = 0. What is the units digit of y?
5
Let b(g) = -8*g + 7. What is the tens digit of b(-6)?
5
Let w(r) = r + 8. Let o be w(-5). Suppose 0 = -4*t - z + 175, t + 4*z - 37 = o. What is the units digit of t?
4
Let b = 28 - 18. Suppose -4*q + 22 = 3*n, -2*n + 6*q + b = 4*q. What is the units digit of n?
6
Suppose 2*h - k = k - 2, 4*h + 3*k - 17 = 0. Suppose h*v + 2 = 4. Let q(p) = 9*p**3 - 2*p + 1. What is the units digit of q(v)?
8
Let t = -194 - -328. What is the tens digit of t?
3
Let x be 3 + 1 - 1 - 1. Suppose 0 = 3*n + 5*a - 10, 4*n - x*a - 36 = -3*a. What is the tens digit of n?
1
Let r be 4 + 35/(4/4). Let i = r + -18. What is the units digit of i?
1
Let v(a) = a**3 + 7*a**2 - 2*a - 2. What is the tens digit of v(-5)?
5
Suppose 6*a - 257 - 871 = 0. What is the hundreds digit of a?
1
Let p(h) = 9*h**3 - 1. Let n be p(-1). Let f be 54/n - 4/(-10). Let b = -2 - f. What is the units digit of b?
3
Let u = -1 + 51. What is the tens digit of u?
5
Suppose 0 = 13*s - 2046 - 710. What is the hundreds digit of s?
2
Let h(j) = 7*j - 1. Let f = -3 + 5. Suppose f - 3 = -o. What is the units digit of h(o)?
6
Let i = 4 - -6. Let b be (-190)/(-25) + 4/i. What is the tens digit of (-24)/(-2)*b/6?
1
Let w = -88 + 91. What is the units digit of w?
3
Let j(d) = d - 15. Let h be j(-11). Let q be (h/(-3))/((-4)/6). Let r = -7 - q. What is the units digit of r?
6
Let d be (-15)/(-12) + 1/(-4). Let i be (12/9)/(d/3). Suppose 1 = x + 2*x - 4*t, i*x + 4*t = 20. What is the units digit of x?
3
Let i be (0 + 2)/((-8)/(-28)). Let f = i - 5. What is the units digit of f?
2
Let i(t) = -t**3 - t**2. Let j be i(0). Suppose -5*l = 5*q - 115, j = -0*l - l + 2*q + 20. What is the tens digit of l?
2
Let w(g) = g**2 + g - 1. Let i be w(-2). Let n be -2 - (-4 - (i + -1)). What is the units digit of 3/(n*(-3)/(-8))?
4
Let k(r) = 3*r + 24. What is the tens digit of k(19)?
8
Let s be 3 + (-1 - -1*2). Let k be -1*(2 - 2)/4. Suppose s*i - 3*x - 23 = k, -4*i + 7 = 3*x - 34. What is the units digit of i?
8
Suppose 2*j = -0*j. Suppose j = -i - 0*i + 28. What is the units digit of i?
8
Let o = 4 - -30. What is the units digit of o?
4
Let p be (36/16)/((-1)/(-4)). Suppose 0 = -3*s + 12, -2*i - 1 = -5*s - p. What is the units digit of i?
4
Let k(j) = j + 2. Let d be k(5). Let u = -43 - -67. Suppose d*y = 4*y + u. What is the units digit of y?
8
What is the units digit of 1/(-2) + 930/20?
6
Let x(j) = 4*j**2 - 2*j + 1. Let f be x(-3). Suppose -2*c = -3*m + 3 - f, c + 2*m = 20. What is the units digit of c?
0
Let c = 0 - -9. Let v(y) = 3*y**2 - 10*y**3 - 3 + 0 + 1 + c*y**3 + y. What is the units digit of v(3)?
1
Let h(j) = j**2 - 6*j - 2. What is the units digit of h(7)?
5
Let f(b) = -b - 4. Let d be f(-6). Suppose -3*y - d*j = 52 + 13, 3*j = -3*y - 63. Let n = 32 + y. What is the units digit of n?
9
Let d(h) = -h**3 - 6*h**2 - h + 4. Let i be d(-6). Let t = 26 - i. Suppose 4*b - 16 = t. What is the units digit of b?
8
Suppose 20 = 4*n + n, 2*p - 3*n + 32 = 0. Let v be 76/(-18) - 2/(-9). Let i = v - p. What is the units digit of i?
6
Let c(x) be the first derivative of 2 + 0*x + 1/2*x**2. What is the units digit of c(2)?
2
Let t = -5 + 11. Suppose 5*w + t = -4. What is the units digit of (27/(-6) - -1)*w?
7
Suppose -2*t - 21 = -3. Let x be -17 - 1/(1/1). Let p = t - x. What is the units digit of p?
9
Let r = 74 + -11. What is the tens digit of r?
6
Let p = 87 + -56. What is the tens digit of p?
3
Suppose -4*s + 0*s + p - 13 = 0, 25 = -5*s + 3*p. What is the tens digit of 2*(-15)/s + -3?
1
Suppose 0 = -3*z - 21 - 0. Let y(q) be the first derivative of -q**2/2 - q + 2. What is the units digit of y(z)?
6
Let x(m) = m**3 - 3*m**2 - 6*m - 4. Suppose -z = 2*z - 15. What is the units digit of x(z)?
6
Suppose -3*g = -f - 320, 2*g + g - 5*f = 340. Suppose 0 = 5*y - 0*y - g. What is the units digit of y?
1
Suppose -3*r = k - 113, 5*r + 0*r - 200 = -4*k. What is the tens digit of r?
3
Let s be (-4)/(-12) - (-38)/(-6). Let k = 4 + s. Let n = k + 12. What is the tens digit of n?
1
Suppose -u + 200 = 5*d + 13, 3 = -u. Suppose b = -b + d. What is the units digit of b?
9
Let o be 31/(-3) - (-1)/3. Let k(g) = g**3 + 11*g**2 + 8*g + 12. What is the tens digit of k(o)?
3
Suppose 3*j - 157 = -43. Let i = -24 + j. What is the units digit of i?
4
Let b(l) = l**3 - 17*l**2 - 18*l + 2. Let s be b(18). What is the tens digit of 4 + (-8)/s - -53?
5
Suppose -2*i + d = -37, 3*i = 4*d + 31 + 32. Let x = i - -3. What is the tens digit of x?
2
Let t(s) = -s - 4. Let i be t(-9). Let d be (-7 + -3)*i/2. Let y = d - -41. What is the units digit of y?
6
Let f(t) = -t**3 - 4*t**2 - 2*t + 2. Let v(d) = -d**3 - 6*d**2 - 3*d + 6. Let a be v(-5). What is the tens digit of f(a)?
